the tens digit of w?
4
Suppose 5*u - 22030 = 2*z, 429*z - 424*z + 17641 = 4*u. What is the tens digit of u?
0
Let k(u) = -48*u + 104. Let z be k(-15). Suppose -9*i = -z - 1642. What is the units digit of i?
4
Suppose 0 = 8*b - 3*b + 2*h - 1555, -5*b - 3*h = -1550. Let l = -127 + b. What is the tens digit of l?
8
Suppose -4*b - 44524 = -4*v, v - 14197 = -b - 3062. What is the hundreds digit of v?
1
Suppose 173220 = 11*r - 29048. What is the units digit of r?
8
Let a(s) = -s**2 - 33*s - 91. Let i be a(-21). Let w = i - -34. What is the tens digit of w?
9
What is the hundreds digit of (-3072792)/(-180) + 3 + (-138)/45?
0
Let v(w) = -5*w + 12. Let f(s) = 3*s - 6. Let k(p) = -7*f(p) - 3*v(p). Let r be k(-8). Suppose o - r - 77 = 0. What is the tens digit of o?
3
Suppose 1545 = 2*s - 3*y, 2830 = 5*s + y - 1075. Suppose -2 = 2*t - 10, -g + s = -3*t. What is the hundreds digit of g?
7
What is the units digit of (-2)/(-4)*(-123 - -130301)?
9
Let c be (0/(3/(-1)))/((-8)/(-4)). Let r(b) = -3*b - 4 + c - 3 + 0. What is the units digit of r(-7)?
4
What is the thousands digit of (25 - 9) + -20 + 211*247?
2
Let q = -5143 - -20257. What is the hundreds digit of q?
1
Suppose 0 = -4*p + 158 + 138. Let q = -70 + p. Suppose -q*d + 2*d + 306 = 0. What is the hundreds digit of d?
1
Let m(v) = v**3 + 3*v**2 + 26*v - 109. What is the units digit of m(12)?
3
Let t be ((-88)/6)/(12/(-35658)*-7). What is the tens digit of t/(-418) - (-4)/38?
1
Suppose -824281 - 862056 = -23*f. What is the ten thousands digit of f?
7
Let i = 768 - -278. Let q = i - 469. Let o = -402 + q. What is the units digit of o?
5
Let h be ((-9)/27)/(1/(-3291)). Let t = 1552 - h. Suppose 4*m - t = -m. What is the units digit of m?
1
Suppose -4*a + b + 208940 = 0, 0 = 3175*a - 3170*a + 2*b - 261149. What is the units digit of a?
3
Let s be (-4 - -1)*(-4)/(-6). Let u(p) = 17*p**2 + 4*p - 1. Let y(k) = -16*k**2 - 4*k. Let w(c) = -3*u(c) - 4*y(c). What is the units digit of w(s)?
7
Let m = -519 - -534. Suppose -m*b + 1572 = -9*b. What is the hundreds digit of b?
2
Let m(k) = k**3 - 10*k**2 - 9*k - 6. Let r be m(11). Let b be -4*(-4)/r + 0. What is the units digit of (-2 + 7/(7/16))/b?
4
Suppose -96495 = 103*g - 344210. What is the tens digit of g?
0
Let u be (1 + (-2)/10)*(-15)/(-6). Suppose 0 = u*s - 0*s + 2*t - 522, 4*s - 1047 = -t. What is the hundreds digit of s?
2
Let t(h) = -h**3 + 12*h**2 + 30*h - 16. Let j be t(14). Let i be (-9)/(-1)*-1 - (-11 + j). Let q(d) = -21*d + 17. What is the units digit of q(i)?
7
Let h(b) = 6*b**3 - 14*b**2 + 65*b + 37. What is the units digit of h(9)?
2
Let o(r) be the first derivative of 33*r**2/2 + 239*r + 240. What is the hundreds digit of o(22)?
9
Suppose -5*i + 5*k + 2820 = 0, -2*i = -0*i - 4*k - 1134. Let j = 327 - i. Let o = 411 + j. What is the units digit of o?
7
Let n(b) = 166*b**2 + 2*b - 2. Let a be n(-2). Suppose 190 - a = -6*g. What is the units digit of g?
8
Suppose -a = c - 6104, 4*c + 12166 = -27*a + 29*a. What is the thousands digit of a?
6
Let r(d) = -d**3 + d**2 + d + 4. Let o be r(0). Suppose o = 2*z + 2*y, -z + 9 + 5 = 4*y. What is the units digit of 10/(z + (-20)/(-8))?
0
Let i = -11789 + 21742. What is the units digit of i?
3
Let y(t) = -t**2 - 55*t + 87. Let h be y(-54). Let r be 3*(-1)/((-6)/70). Let w = h - r. What is the units digit of w?
6
Suppose -8*g = 4*m - 13*g - 3, -3*g = -5*m + 7. Suppose -8*o = -m*o - 5916. What is the tens digit of o?
8
What is the ten thousands digit of (-2)/90 + 4695230458/51885?
9
Let w be (-3 - 1)/2*-1. Let h be (-4)/3 - w/12*-2. What is the units digit of (15/(-3))/5*h*5?
5
Let y = 26 - 22. Suppose -5*g + y = -6. Suppose 2*w - 326 = -2*w + 3*n, g*w - 4*n - 168 = 0. What is the units digit of w?
0
Suppose 5*n - 19050 = 5*d, 0 = -n - 4*d + 1903 + 1892. What is the tens digit of n?
0
Let b = 61 + 389. Suppose -5*g = 5*k - b, -2*k + 2 - 10 = 0. Suppose g + 125 = 3*t. What is the units digit of t?
3
Let g = 177 - 173. Suppose -g*f + 1016 = -164. What is the tens digit of f?
9
Let n = -82 - -136. Let j = 60 - n. Suppose 33 - 249 = -j*s. What is the tens digit of s?
3
Suppose -18 = -2*h - 2. Let p be 284 - (6/h - 5/(-20)). Let l = p - 140. What is the hundreds digit of l?
1
Let p(d) be the third derivative of 9*d**4/8 + 35*d**3/6 - 181*d**2. What is the thousands digit of p(54)?
1
Suppose 651077 - 2335096 = -94*f + 842419. What is the ten thousands digit of f?
2
Suppose -2*d - l = -1562 - 1497, -4601 = -3*d + l. Let b be (d/6)/((-14)/(-21)). Let v = -162 + b. What is the units digit of v?
1
Suppose 2*w - w = 4. Suppose -2*d + 110 - 368 = w*u, 4*u + 657 = -5*d. Let q = d + 233. What is the hundreds digit of q?
1
Let n = -18405 - -29161. What is the ten thousands digit of n?
1
Let g(i) = i**2 - 5*i + 7. Let l be g(4). Suppose -d + 3*a = 7*a, l*a = -3*d. Suppose -6*h + 225 - 33 = d. What is the tens digit of h?
3
Suppose -c - 5*x = -4, 3*c - x - 1 = 11. Suppose -323 = -c*k + a, -7*k = -5*k - a - 159. What is the units digit of k?
2
Let x(k) be the second derivative of k**4/12 - 25*k**3/6 - 27*k**2/2 + 15*k + 4. What is the units digit of x(32)?
7
Let m = -15 - -13. Let v be 4 - (-4 + (-4)/m). What is the tens digit of (-40)/v*(-192)/40?
3
Suppose 0 = -2*q - g + 15, -5*g + 21 = 3*q + 2. Suppose -5*i + 3*i = -q. What is the tens digit of 9*1 + (i - 0)/4?
1
Let q(x) = -27*x - 117. Let a be q(-15). Let v = -90 + a. What is the units digit of v?
8
Let g(b) = 20*b + 26. Let l be g(9). Let c = l - 351. Let v = c - -249. What is the hundreds digit of v?
1
Suppose 18*n - 1524 = 14*n. Suppose -n = -29*s + 26*s. What is the hundreds digit of s?
1
Let y = -1276 + 1924. Suppose 50*k - y = 49*k. What is the tens digit of k?
4
Let z(y) = 7*y + 2206. What is the units digit of z(-46)?
4
Let h be (-7)/(42/(-72))*1678/6. What is the tens digit of 12/(-20) + (h/10 - -5)?
4
Suppose 1088 = 5*n + 4*h - 1882, -3*n = 3*h - 1785. Let y = n - 235. Suppose y - 13 = 9*q. What is the tens digit of q?
3
Let z(d) be the third derivative of 7*d**4/24 - 7*d**3/6 + 10*d**2. Let i be z(3). Let f = i - 8. What is the units digit of f?
6
Let i(h) = 2*h**3 + 8*h**2 + 8*h - 2. Let n be i(-6). Let q be (-61)/(((-91)/14)/(-13)). Let z = q - n. What is the tens digit of z?
7
Let h = 83 + -72. Suppose 7*m = h*m - 812. What is the units digit of m?
3
Suppose 5*o = -22 - 123. Let q = 53 - o. Suppose 0 = 2*a - 4*i - 112 - q, -i + 370 = 4*a. What is the units digit of a?
3
Let g(q) = -55*q**3 + 5*q + 4. Let b be g(-1). Suppose -36*t = -b*t + 11916. What is the hundreds digit of t?
6
Suppose -2*o - 8 = -6*o - 4*h, -5*o + 4*h = 8. Suppose -3*g - c = -1455, -2*c - 3*c + 15 = o. What is the hundreds digit of g?
4
What is the hundreds digit of (-60798)/(-14) + (24/(-378))/((-14)/63)?
3
Let h = -7557 + 13875. What is the tens digit of h?
1
Let b(o) = 8*o**2 - 5*o + 4. Let d = -43 - -52. Suppose -d*z + 7*z = -8. What is the units digit of b(z)?
2
Let b(k) = -12*k**3 + 18*k**2 - 18. What is the tens digit of b(-12)?
1
Let j be ((-6)/24)/(2/(-16)). Suppose -j*b + 5*n + 1446 = 0, 2*b + n + 0*n = 1458. What is the units digit of b?
8
Suppose -2*n + 2*y + 10 = -4*n, y = -5. Suppose 2*i - 5*i + 72 = n. Suppose i = 4*q - 44. What is the units digit of q?
7
Let g(m) = 2*m**2 - 2*m - 20. Let o be g(4). Suppose 511 = h - o*b, 4*h = 3*b - 6*b + 2139. What is the units digit of h?
1
Let h(a) be the second derivative of 19*a**3 + a**2/2 + 3*a. Let m(u) = 2*u**2 + 2*u - 3. Let w be m(-2). What is the units digit of h(w)?
5
Let w(g) = 6*g**2 + 3*g + 4. Let f be w(-3). Let v = -45 + f. Suppose -8 = -2*h - 2*h, v*o - h - 302 = 0. What is the tens digit of o?
7
Let s(r) = -176*r**3 + 2*r**2. Let j be s(-1). Let d be (-2)/(-13) - (2 - j/26). Suppose -d*y - x + 126 = x, 5*x = -y + 39. What is the units digit of y?
4
Let y(l) = -l**3 - 2*l**2 + l - 13. Suppose -o = -s + 5, 3*o + 3*s + 2*s + 31 = 0. What is the tens digit of y(o)?
2
Suppose 2*d - 19*v = -15*v + 18268, 2*v = 2. What is the hundreds digit of d?
1
What is the tens digit of 6 + (-88)/14 + (-2984553)/(-91)?
9
Let f be -62 - -62 - (1 - 0). What is the tens digit of (-5)/f*2686/85?
5
Let q(x) = 3*x**2 - 1. Let l be q(1). Suppose -2*b = 3*y - 85, l*b = -4*y - 0*b + 114. What is the tens digit of y?
2
Let t(b) = 40*b**2 - 5*b + 4.